 5*r + 18 = 0. Suppose -28 = -q*n + n. Calculate the highest common divisor of 84 and n.
14
Let w be (-7)/56 + 242/16. What is the highest common divisor of 135 and w?
15
Let t = 89 - 61. Suppose f + 14 = 3*f. What is the greatest common factor of t and f?
7
Let t(s) = -s**3 - s**2 - s + 3. Let v be (-12)/(-30) + (-2)/5. Let x be t(v). What is the greatest common factor of x and 15?
3
Let n = -7 + 75. Calculate the highest common divisor of 102 and n.
34
Let q = 13 - 3. Let m be 0 + -2*5/(-2)*2. What is the greatest common factor of m and q?
10
Suppose 2*j - 6 = -4*h, -3*j + j + 6 = -2*h. Let b be (-2)/(-2) - (h + -2). What is the highest common divisor of 21 and b?
3
Let z = -4 - -9. Suppose z*h - 273 = -33. Calculate the highest common factor of h and 32.
16
Let r be (-1)/3 + (-58)/(-3). Suppose 4*b + r - 79 = 0. What is the highest common divisor of b and 60?
15
Suppose -2*k + 3 = -13. What is the greatest common factor of k and 72?
8
Suppose 47 + 10 = -3*l. Let s = -10 - l. Calculate the greatest common factor of s and 72.
9
Suppose 3*o - 9 + 3 = 0. Let t be 188 + (1 - (o - 2)). Let r = t + -101. Calculate the highest common divisor of r and 8.
8
Let s(l) = l**2 + l. Let o be s(-1). Suppose -d + 20 + 25 = o. Suppose 2*m + 3*m = d. What is the greatest common divisor of 18 and m?
9
Let c be (-3 - -4)*-1*(-22 - -1). What is the highest common divisor of 14 and c?
7
Let d(i) = i**2 + 5*i + 4. Let k be d(-7). Calculate the highest common divisor of 72 and k.
18
Suppose 0 + 8 = 2*d. Let c be 1/4 - (-1353)/12. Suppose 4*u + 33 = c. Calculate the highest common divisor of d and u.
4
Suppose -20 = 5*k - 10*k + 2*y, 5*y = -25. Suppose -3*l + k*d + 118 = l, 0 = 3*l - 2*d - 88. Calculate the greatest common divisor of 3 and l.
3
Let z be 2/(-3 + (-120)/(-55) + 1). Calculate the highest common factor of z and 99.
11
Let t be (8/12)/((-2)/3). Let w = t + -5. Let p be (-1460)/(-14) + w/21. Calculate the greatest common divisor of p and 13.
13
Let q be (0 + 0)*3/9. Suppose 3*k + 6*d - 2*d = 97, -3*k - 3*d + 93 = q. Calculate the highest common divisor of k and 9.
9
Let g be (-39 + -1)/(3/(-6)). Let j = -62 + 21. Let d be (-1)/(4 - j/(-10)). Calculate the highest common factor of d and g.
10
Suppose 2*y - 13 = -4*x + 15, y + x - 14 = 0. Calculate the greatest common divisor of y and 56.
14
Let m = -33 - -113. Calculate the highest common divisor of m and 10.
10
Let h = 71 + -64. Suppose 0 = 3*c - 4*k - 105, -5*c - k = -3*k - 175. Calculate the greatest common factor of c and h.
7
Let a be 0 + (1 - 0) + 1. Let g(m) = 50*m + 4. Let t be g(a). What is the highest common factor of 26 and t?
26
Suppose q - 35 = 5*d, -q + 2*d - 63 = -2*q. What is the highest common factor of 22 and q?
11
Suppose 6*z - 15 = z. Suppose -2*b + 18 = 4*j, 4*j = 5*j + 4*b - 22. Suppose u + j = z*u. Calculate the highest common factor of 1 and u.
1
Suppose -3*x + 23 + 28 = 0. What is the highest common divisor of 34 and x?
17
Let u(i) = i**2 + 4*i - 1. Let v be u(-5). Suppose 8 + 2 = b - h, -v*h - 16 = -b. What is the highest common divisor of 56 and b?
8
Suppose 0*u - 3 = 3*u. Let w be 15 + 1*-2 - u. What is the highest common divisor of 28 and w?
14
Suppose 0 = -3*g + 4*b + 14, -4*b = 1 + 7. What is the greatest common divisor of 2 and g?
2
Let c(v) = 23*v. Let m be c(2). Suppose -y + 6*y + 3*w = 581, 3*y = -w + 347. What is the greatest common factor of y and m?
23
Suppose 2*t - 50 = -3*t. What is the highest common divisor of t and 40?
10
Let t be 2/(2/10 + (-44)/320). Calculate the greatest common divisor of 160 and t.
32
Let g be ((-2)/5)/((-1)/(-85)). Let y be g/(-8) + (-3)/(-4). Suppose 4*k - 222 = -n, k - 4*n = -k + 102. What is the greatest common factor of y and k?
5
Suppose 0 = 6*n + 2*n - 16. What is the greatest common factor of n and 8?
2
Suppose 4*j - 21 = m - 9, 3*j = 3*m + 9. Suppose -a + 572 = j*a. Calculate the greatest common factor of a and 13.
13
Let d be -1 + 9 - (-11 + 10). Let c be (-3)/12 + (-10)/(-8). Calculate the greatest common factor of c and d.
1
Let g be 3 + (-5 - -3 - 7). Let p = 666 - 441. Let s be ((-4)/5)/(g/p). Calculate the greatest common divisor of 5 and s.
5
Let y = 18 + -8. Let g = -2 + y. Let r = 2 - 1. Calculate the greatest common divisor of r and g.
1
Suppose i + 10 = -4*i. Let p be -1*(-1 + -2 + i). Suppose -3*k + 38 = 4*d + 5, 2*k - p*d - 45 = 0. Calculate the highest common factor of 6 and k.
3
Let t(j) = -j**2 + 7*j - 3. Let l be t(6). Suppose -2*g + l = -1. What is the greatest common factor of 4 and g?
2
Let i be 0/2 - 3*44/(-12). Calculate the highest common factor of i and 22.
11
Let h(v) = -v**3 - 7*v**2 - 9*v - 7. Suppose 0 = -3*b + b - 14. Let y be h(b). What is the greatest common divisor of 8 and y?
8
Suppose u = 2*u + 3. Let q be 2/u*-15 - -1. What is the greatest common factor of 33 and q?
11
Let k = 171 - 119. What is the highest common factor of 13 and k?
13
Let u be ((-20)/25)/((-3)/(-15)). Let z(c) = -4*c + 5. Let j be z(u). What is the greatest common divisor of 231 and j?
21
Suppose -71 = 4*w - 231. Let q be (-228)/(-14) - (-4)/(-14). What is the highest common divisor of w and q?
8
Let h(c) = -4*c + 2. Let y be h(-3). Let a be 1 + 1 + -3 + 3. Suppose -105 = -a*x - 35. What is the greatest common factor of y and x?
7
Suppose -2*o = 2*o - 16. Let r(s) = s**2 - 24*s + 48. Let f be r(22). What is the highest common divisor of f and o?
4
Suppose 144 = 9*a - 6*a. What is the highest common factor of a and 32?
16
Let z be 2/(-3) - 320/(-48). Suppose 2*v - v - 15 = 0. Calculate the highest common factor of v and z.
3
Let x(h) = -h**2 + 2*h + 1. Let i be x(2). What is the highest common divisor of 9 and i?
1
Let u(p) = p**2 - 12*p + 41. Let a be u(13). Calculate the highest common divisor of 36 and a.
18
Let f(o) = 4*o**2 + 2*o + 1. Let h be f(-1). Suppose -w = h*w - 68. Calculate the highest common divisor of 51 and w.
17
Let h be 2/6 - 11/(-3). Suppose o - 2*o = 108. Let n be 2 + (3 - o/4). Calculate the greatest common factor of h and n.
4
Let i(l) = 45*l + 10. Let m be i(6). What is the highest common divisor of 40 and m?
40
Let y(r) = r**2 - 3*r + 2. Let g be y(3). Suppose -3*u - g*u = -250. Let q be 0 + u/2 + -1. Calculate the highest common divisor of 16 and q.
8
Let u = -7 - -10. Suppose -u*n + 3 = 0, -4*n = 3*t + t - 64. Calculate the highest common factor of 75 and t.
15
Let p = 0 - -6. Let k be 9*(4/p - 0). What is the greatest common divisor of k and 2?
2
Suppose 4*r = 8, -2*r + 10 = j - r. Let h = -18 + 19. What is the greatest common divisor of h and j?
1
Let m(z) = -z. Let y be m(-10). Let w be y/4*(-66)/(-5). What is the highest common divisor of w and 3?
3
Let a(c) = -11*c**3 - c**2 + c + 1. Let s be a(-1). Suppose -k - 2 = 0, 0 = 5*b + 2*k + k - 144. What is the highest common factor of s and b?
10
Let w(r) = 2*r**2 - r - 1. Let v be w(-2). Calculate the highest common divisor of v and 9.
9
Suppose 2*g - 2 - 2 = 0. Suppose 2*o = -g*o. Let x be 9 + (-1)/(-2)*o. Calculate the greatest common factor of x and 63.
9
Let j(i) = -5*i**3 - i**2 - i. Let d(s) = s**3 + 6*s**2 - 1. Let o be d(-6). Let l be j(o). Calculate the greatest common divisor of l and 25.
5
Let j(l) = 5*l**2 - 4*l + 3. Let m be j(2). Calculate the highest common factor of 10 and m.
5
Suppose -2*d - 7 + 19 = 5*k, -3*k + 7 = d. Suppose -5 = -3*b + k*b. Let z(u) = u**2 + 4*u + 3. Let s be z(b). What is the highest common divisor of s and 12?
12
Let l(n) = n**3 - 5*n**2 - 1 - 9*n - 3*n**2 - 2*n**3. Let f be l(-7). What is the greatest common factor of f and 91?
13
Suppose -2*p = -3*p + 6. Let r(y) = y**3 - 7*y**2 + 8*y + 2. Let k be r(p). Suppose -o + k = -28. Calculate the highest common divisor of o and 28.
14
Let d(s) = s**2 + 7. Let b be d(0). Let y(o) = o**3 - 8*o**2 + 9*o - 8. Let c be y(b). What is the greatest common divisor of 42 and c?
6
Let i(k) = -k + 1. Let j be i(1). Suppose 4*d - 560 + 128 = j. Calculate the greatest common divisor of 12 and d.
12
Suppose -3*w + 8*w = -4*i + 105, 4*w = 20. Let n be 14/((5/(-1))/(-50)). What is the greatest common divisor of n and i?
20
Suppose g - 12 = 14. Suppose -4*l + 3*l + 5*a = -g, 0 = -l + 4*a + 24. What is the highest common divisor of 24 and l?
8
Let g be (3/(-2))/(6/8). Let v = 3 + g. S